
Let u = -646 + 778. What is the remainder when u is divided by 27?
24
Let l = 2179 + -2075. What is the remainder when l is divided by 35?
34
Suppose 5*s - 2*j - 930 = 0, -400*s - 4*j + 716 = -396*s. Calculate the remainder when 379 is divided by s.
11
Suppose 125 = 5*x - 5*w, -3 + 100 = 5*x + 2*w. Let u = -19 - -57. Let c = -27 + u. What is the remainder when x is divided by c?
10
Suppose -2*t = -0*t - 234. Let o be (-4)/4*-3 + -1 + 94. Suppose -3*n = -7*n + o. Calculate the remainder when t is divided by n.
21
Suppose 4*g - 351 = -f, -12*f + 2*g + 955 = -9*f. Calculate the remainder when 342 is divided by f.
19
Let i = -125 + -191. Let y = -162 - i. Let k(o) = -o**3 - o**2 + 5*o - 2. Calculate the remainder when y is divided by k(-4).
24
Suppose 0 = -m, 11*m + 20 = 5*h + 9*m. Suppose h*j = 9*j - 560. What is the remainder when j is divided by 58?
54
Let y = 1931 - 512. Calculate the remainder when y is divided by 79.
76
Suppose -463 = 5*p - 5*l - 2943, -p + 508 = 2*l. Suppose -p*n + 497*n + 174 = 0. What is the remainder when n is divided by 30?
28
Suppose 0 = f + 3*r - 7 - 47, -r = -f + 66. Calculate the remainder when 5669 is divided by f.
62
Suppose -111*c = 696 - 2916. Calculate the remainder when 91 is divided by c.
11
Let o be 3/(27/24) - 2/(-6). Suppose -o*x - 4*t - 154 = 0, 4*x + 21 = 5*t - 143. Let b = -33 - x. Calculate the remainder when 61 is divided by b.
9
Suppose 2*d - 128 = 14. Let i = -215 - -266. Suppose -2*t + 65 - i = p, 4*p - 81 = -3*t. What is the remainder when d is divided by p?
23
Let x = -24481 + 26227. What is the remainder when x is divided by 157?
19
Suppose 10 = 2*r - 0*r. Let a(i) = -i**3 - 14*i**2 - 25*i - 8. Let j be a(-11). Let p = j + 109. Calculate the remainder when p is divided by r.
3
Suppose 36*i - 30448 = -137*i. What is the remainder when i is divided by 51?
23
What is the remainder when (-4)/(-24)*15 + (5812/8 - 9) is divided by 674?
46
Let v(y) = 65*y - 1088. Let s be v(18). Suppose -2*o - 166 = -4*o - 3*h, 437 = 5*o + 2*h. Let j = o - s. What is the remainder when 10 is divided by j?
3
Calculate the remainder when 88 is divided by ((-1342)/165 - -8) + 2224/30.
14
Suppose -5*w + 25 = 0, 2*o = -13*w + 15*w + 10068. What is the remainder when o is divided by 72?
71
Let d(c) = -3*c - 84. Let p be d(-30). What is the remainder when 20 is divided by 50/6 - (-4)/p?
2
Let c(u) = 8*u + 1. Let j be c(3). Suppose 27 = 2*q + j. Suppose 19 = -5*b + 29. What is the remainder when b is divided by q?
0
Suppose -5*p - 2*h = 4 + 6, -p - 2 = 3*h. Let g(r) = -20*r - 28. Calculate the remainder when 14 is divided by g(p).
2
Let o(c) be the second derivative of 25*c**3/6 + 7*c**2 - 2*c + 25. Calculate the remainder when o(9) is divided by 48.
47
Let a = -5899 + 6407. What is the remainder when a is divided by 70?
18
Let c be 6*(1 - 218/6). Let q = -114 - c. Let k(j) = 2*j**2 - 29*j - 114. What is the remainder when q is divided by k(-4)?
30
Let u(j) = j**3 + 8*j**2 + 5*j + 11. Let l = -2318 + 2325. What is the remainder when u(-7) is divided by l?
4
Let m(d) = 20*d - 164. Suppose 0 = 25*r + 82 - 307. What is the remainder when 57 is divided by m(r)?
9
Suppose -2*v - y + 14 = 0, -2*y = 4*v + y - 30. Suppose -4*g - v = -6*g. Suppose -4 - g = -z. What is the remainder when 39 is divided by z?
4
Suppose -5 = i + 2*p - 9, 4*i = 4*p - 20. Calculate the remainder when (24 - 6) + i/(-1) is divided by 10.
0
Let q(m) = -m**3 - 7*m**2 + 17*m + 5. Suppose -u + 6*u = -2*a + 487, u - a = 96. What is the remainder when u is divided by q(-9)?
13
Let d be (-485)/(15/(-3)) + -7. Let s = 184 + d. What is the remainder when s is divided by 12?
10
Let k = 146 - 142. What is the remainder when (-2277)/(-24) - 2/((-64)/k) is divided by 10?
5
Suppose -403*w + 371*w = -352. What is the remainder when 89 is divided by w?
1
Let d(v) = -v**3 + 7*v**2 - 4*v - 10. Let l be d(6). Suppose 5*j + s = j + 1009, -l = -2*s. What is the remainder when j is divided by 23?
22
Let k(v) = v**3 + 11*v**2 - 4*v - 35. Let b = -382 + 371. Calculate the remainder when 44 is divided by k(b).
8
Let w(m) = 5*m**2 + m - 3. Let o(a) = -4*a**2 - 85*a + 341. What is the remainder when o(-21) is divided by w(-4)?
70
Let l(h) = -4*h**3 - 145*h**2 - 38*h + 28. Calculate the remainder when l(-36) is divided by 88.
12
Let d(g) = 5*g - 6. Let o be d(6). Suppose 39 = 3*p - o. What is the remainder when 41 is divided by p?
20
Let i be 1 - -10*(-8)/20. Let b(k) = -23*k + 17. Calculate the remainder when 164 is divided by b(i).
78
Suppose 154*m - 108*m = 125212. Calculate the remainder when m is divided by 6.
4
Let g = 147 + -88. Let i = -45 + 48. Suppose 17*d + 5*b - 140 = 13*d, -i*b = d - 42. Calculate the remainder when g is divided by d.
29
Let v be -16 + 5 + (0/4 - 0). Let i(p) = 15*p + 180. Calculate the remainder when i(v) is divided by 4.
3
Suppose 341 = 3*q - 5*m, -11*m + 223 = 2*q - 10*m. What is the remainder when q is divided by 17?
10
What is the remainder when 370/296*(-392)/(-10) is divided by 4?
1
Let w(v) = 2*v**3 - 224*v**2 - 225*v - 43. Suppose -k + 194 = -505. Calculate the remainder when k is divided by w(113).
69
Suppose -2*s + 4*f = -62, 4*s + 4*f = 5*s - 39. What is the remainder when 236 is divided by s?
6
Let s(m) = -13 + 24 + 0 + 2*m**2 + 48*m - 5*m. Suppose 21 = 5*n - 84. Calculate the remainder when s(-23) is divided by n.
17
Let x(t) = t**2 - 5. Let w be x(3). Suppose -4*h + 12 = -4, -w*h = -5*p - 1901. Let b = p - -681. Calculate the remainder when b is divided by 51.
49
Let c = 754 - 1238. Let b(i) = -i + 45. What is the remainder when (-1)/(-5) + c/(-5) is divided by b(20)?
22
Let a = 16852 - 16823. Calculate the remainder when 1244 is divided by a.
26
Let t(x) = -1266*x + 7618. What is the remainder when 524 is divided by t(6)?
18
What is the remainder when (-5 - -249)*(-154)/(-28) is divided by 24?
22
Let k = 1841 - 1801. What is the remainder when (796/6)/(2/3) is divided by k?
39
Let r = -2637 + 4186. What is the remainder when r is divided by 141?
139
Let n = 495 - 47. What is the remainder when n is divided by (-12)/(-90) - (0 - (-673)/(-15))?
43
Let i be (-2)/5*-2 + (-913)/(-415). Let a(v) = -v**3 + 5*v**2 - 8*v + 23. What is the remainder when 45*1 + (-6)/(-3) is divided by a(i)?
13
Suppose -17*b - 4*y + 1203 = -14*b, 0 = -5*b - 4*y + 1997. What is the remainder when b is divided by 35?
12
Suppose -21*j + 936 = -9*j. Calculate the remainder when (-7704)/(-52) - 12/j is divided by 17.
12
Suppose -i = 5*j - 732, -3*j - 58*i = -67*i - 420. What is the remainder when 429 is divided by j?
137
What is the remainder when (1 - 2 - 5) + -3 + 725 is divided by 12?
8
Let i be 110/(-5)*(-2)/4. Let l be i + (-4)/2 + -5. Suppose 0 = 5*n + l*t - 3*t - 90, -5*t = -3*n + 26. What is the remainder when n is divided by 13?
4
Suppose -4*p + 13680 = 12180. Calculate the remainder when p is divided by 44.
23
Let t be -7 + ((-25)/(0 + 5))/(-1). Calculate the remainder when (100/(-150))/(t*2/390) is divided by 18.
11
Let k = -143 - -394. What is the remainder when 764 is divided by 24/18 - k/(-3)?
84
Let m = 14 - 14. Suppose m = -2*b + 22. Suppose 2*j - 4*k + 2*k = 28, 5*k = -j + 38. Calculate the remainder when j is divided by b.
7
Let w(d) = -58. Let k(n) = -n + 57. Let x be (10/(-5) - -2) + (-4 - 2). Let o(u) = x*w(u) - 7*k(u). Calculate the remainder when o(17) is divided by 19.
11
Let m = 26972 + -26935. Let r = 12 + 1. Let a = r + 0. What is the remainder when m is divided by a?
11
Suppose 2*g + 101 = 3*r - 78, 240 = 4*r - 2*g. Suppose 0*y = 3*y - u - r, -7 = -y + 3*u. What is the remainder when (-21)/(-5)*(7 - -3) is divided by y?
20
Let f(b) = -2*b**3 - 34*b**2 - 3*b - 48. Let z be f(-17). Suppose z*q - 142 + 1684 = 3*a, -2*q = 8. What is the remainder when a is divided by 9?
6
Suppose 142982*z - 770 - 1225 = 142961*z. Calculate the remainder when z is divided by 84.
11
Let u = -188 + 212. Suppose -71 = -z - 4*b, -z + 3*b = -47 - u. What is the remainder when z is divided by 8?
7
Let j = 10 - 2. Suppose 5617 + 2775 = 1049*f. What is the remainder when f is divided by j?
0
Suppose 0 = 233*k + 41319 - 246825. Calculate the remainder when k is divided by 250.
132
Let p = 50 - 47. Suppose -3 = -g + p*l, -5 = -2*g + 5*l + 5. What is the remainder when 86*(